{"id":12306,"date":"2025-05-23T22:49:17","date_gmt":"2025-05-23T20:49:17","guid":{"rendered":"https:\/\/meeteu.eu\/?post_type=event_listing&#038;p=12306"},"modified":"2025-06-30T14:18:03","modified_gmt":"2025-06-30T12:18:03","slug":"turkiye-and-the-european-union-2025-and-beyond","status":"expired","type":"event_listing","link":"https:\/\/meeteu.eu\/tr\/event\/turkiye-and-the-european-union-2025-and-beyond\/","title":{"rendered":"T\u00fcrkiye ve Avrupa Birli\u011fi: 2025 ve Sonras\u0131"},"content":{"rendered":"<p>K\u00fcresel dinamikler de\u011fi\u015fmeye devam ederken, T\u00fcrkiye ile Avrupa Birli\u011fi aras\u0131ndaki ili\u015fkiler de yeni bir d\u00f6neme giriyor. Bir sonraki a\u015famay\u0131 hangi g\u00fc\u00e7ler \u015fekillendirecek? <br><br>T\u00fcrkiye-AB ili\u015fkilerinin bug\u00fcn\u00fc ve gelece\u011finin siyasi, ekonomik ve sosyal a\u00e7\u0131lardan ele al\u0131naca\u011f\u0131 bir tart\u0131\u015fma i\u00e7in bize kat\u0131l\u0131n. Gaziantep \u00dcniversitesi'nden (GA\u00dcN) Co\u015fkun Soysal bu \u00f6nemli ortakl\u0131\u011fa ili\u015fkin de\u011ferli g\u00f6r\u00fc\u015fler sunacak.<\/p>","protected":false},"featured_media":12307,"template":"","meta":{"iawp_total_views":0},"event_listing_category":[],"event_listing_type":[],"class_list":["post-12306","event_listing","type-event_listing","status-expired","has-post-thumbnail","hentry"],"_links":{"self":[{"href":"https:\/\/meeteu.eu\/tr\/wp-json\/wp\/v2\/event_listing\/12306","targetHints":{"allow":["GET"]}}],"collection":[{"href":"https:\/\/meeteu.eu\/tr\/wp-json\/wp\/v2\/event_listing"}],"about":[{"href":"https:\/\/meeteu.eu\/tr\/wp-json\/wp\/v2\/types\/event_listing"}],"wp:featuredmedia":[{"embeddable":true,"href":"https:\/\/meeteu.eu\/tr\/wp-json\/wp\/v2\/media\/12307"}],"wp:attachment":[{"href":"https:\/\/meeteu.eu\/tr\/wp-json\/wp\/v2\/media?parent=12306"}],"wp:term":[{"taxonomy":"event_listing_category","embeddable":true,"href":"https:\/\/meeteu.eu\/tr\/wp-json\/wp\/v2\/event_listing_category?post=12306"},{"taxonomy":"event_listing_type","embeddable":true,"href":"https:\/\/meeteu.eu\/tr\/wp-json\/wp\/v2\/event_listing_type?post=12306"}],"curies":[{"name":"wp","href":"https:\/\/api.w.org\/{rel}","templated":true}]}}

Türkiye ve Avrupa Birliği: 2025 ve Sonrası

<p>Küresel dinamikler değişmeye devam ederken, Türkiye ile Avrupa Birliği arasındaki ilişkiler de yeni bir döneme giriyor. Bir sonraki aşamayı hangi güçler şekillendirecek? <br><br>Türkiye-AB ilişkilerinin bugünü ve geleceğinin siyasi, ekonomik ve sosyal açılardan ele alınacağı bir tartışma için bize katılın. Gaziantep Üniversitesi'nden (GAÜN) Coşkun Soysal bu önemli ortaklığa ilişkin değerli görüşler sunacak.</p>
