{"id":12067,"date":"2024-10-01T22:52:28","date_gmt":"2024-10-01T20:52:28","guid":{"rendered":"https:\/\/meeteu.eu\/?post_type=event_listing&#038;p=12067"},"modified":"2024-12-07T17:35:28","modified_gmt":"2024-12-07T16:35:28","slug":"how-to-stop-all-this-hate","status":"expired","type":"event_listing","link":"https:\/\/meeteu.eu\/tr\/event\/how-to-stop-all-this-hate\/","title":{"rendered":"T\u00fcm Bu Nefreti Nas\u0131l Durdurabiliriz?"},"content":{"rendered":"<p>\u0130ster sosyal medyadaki \u0131rk\u00e7\u0131 yorumlar, ister kamusal alanda cinsiyete dayal\u0131 \u015fiddet ya da siyasi a\u015f\u0131r\u0131c\u0131l\u0131k olsun: Bunlar toplumdaki nefretin sadece birka\u00e7 \u00f6rne\u011fi. Bu nefret d\u0131\u015flanmaya ve korkuya neden olmakta, demokratik ya\u015fam tarz\u0131m\u0131za tehdit olu\u015fturmaktad\u0131r. Bu kabul edilemez bir durumdur. \u0130\u015fte bu y\u00fczden \u015fimdi harekete ge\u00e7meliyiz. <\/p>\n\n\n\n<p>Demokratik toplumumuzda herkes s\u00f6zl\u00fc ya da fiziksel \u015fiddetten korkmadan fikrini \u00f6zg\u00fcrce s\u00f6yleyebilmelidir. \u0130\u015fte bu y\u00fczden \u015fimdi harekete ge\u00e7meliyiz. <\/p>\n\n\n\n<p>TED-Talk Konu\u015fmac\u0131s\u0131 ve travma psikolojisi uzman\u0131 Arun Mansukhani ve Avrupa Komisyonu politika uzman\u0131 Tommasso Chiamparino ile birlikte Avrupa'da artan bu nefretle m\u00fccadele i\u00e7in somut \u00f6neriler geli\u015ftirmek istiyoruz. <\/p>\n\n\n\n<p>Bu teklifleri Avrupa Komisyonu'nun Vatanda\u015f Kat\u0131l\u0131m Platformu'na sunaca\u011f\u0131z. Yeterli deste\u011fi toplamalar\u0131 halinde, toplumsal nefretle m\u00fccadele etmek \u00fczere yeni yasalar\u0131n olu\u015fturulmas\u0131 i\u00e7in de\u011ferlendirilecekler.<\/p>\n\n\n\n<figure class=\"wp-block-image size-large is-resized\"><img decoding=\"async\" width=\"105\" height=\"28\" src=\"https:\/\/meeteu.eu\/wp-content\/uploads\/2024\/04\/Logo_Eurometropole_Strasbourg.svg\" alt=\"\" class=\"wp-image-11694\" style=\"width:302px;height:auto\"\/><figcaption class=\"wp-element-caption\"><em>Bu etkinlik Strasbourg Belediyesi'nin deste\u011fiyle ger\u00e7ekle\u015ftirilmi\u015ftir<\/em><\/figcaption><\/figure>\n\n\n\n<p><\/p>","protected":false},"featured_media":12068,"template":"","meta":{"iawp_total_views":0},"event_listing_category":[],"event_listing_type":[],"class_list":["post-12067","event_listing","type-event_listing","status-expired","has-post-thumbnail","hentry"],"_links":{"self":[{"href":"https:\/\/meeteu.eu\/tr\/wp-json\/wp\/v2\/event_listing\/12067","targetHints":{"allow":["GET"]}}],"collection":[{"href":"https:\/\/meeteu.eu\/tr\/wp-json\/wp\/v2\/event_listing"}],"about":[{"href":"https:\/\/meeteu.eu\/tr\/wp-json\/wp\/v2\/types\/event_listing"}],"wp:featuredmedia":[{"embeddable":true,"href":"https:\/\/meeteu.eu\/tr\/wp-json\/wp\/v2\/media\/12068"}],"wp:attachment":[{"href":"https:\/\/meeteu.eu\/tr\/wp-json\/wp\/v2\/media?parent=12067"}],"wp:term":[{"taxonomy":"event_listing_category","embeddable":true,"href":"https:\/\/meeteu.eu\/tr\/wp-json\/wp\/v2\/event_listing_category?post=12067"},{"taxonomy":"event_listing_type","embeddable":true,"href":"https:\/\/meeteu.eu\/tr\/wp-json\/wp\/v2\/event_listing_type?post=12067"}],"curies":[{"name":"wp","href":"https:\/\/api.w.org\/{rel}","templated":true}]}}

Tüm Bu Nefreti Nasıl Durdurabiliriz?

<p>İster sosyal medyadaki ırkçı yorumlar, ister kamusal alanda cinsiyete dayalı şiddet ya da siyasi aşırıcılık olsun: Bunlar toplumdaki nefretin sadece birkaç örneği. Bu nefret dışlanmaya ve korkuya neden olmakta, demokratik yaşam tarzımıza tehdit oluşturmaktadır. Bu kabul edilemez bir durumdur. İşte bu yüzden şimdi harekete geçmeliyiz. </p>



<p>Demokratik toplumumuzda herkes sözlü ya da fiziksel şiddetten korkmadan fikrini özgürce söyleyebilmelidir. İşte bu yüzden şimdi harekete geçmeliyiz. </p>



<p>TED-Talk Konuşmacısı ve travma psikolojisi uzmanı Arun Mansukhani ve Avrupa Komisyonu politika uzmanı Tommasso Chiamparino ile birlikte Avrupa'da artan bu nefretle mücadele için somut öneriler geliştirmek istiyoruz. </p>



<p>Bu teklifleri Avrupa Komisyonu'nun Vatandaş Katılım Platformu'na sunacağız. Yeterli desteği toplamaları halinde, toplumsal nefretle mücadele etmek üzere yeni yasaların oluşturulması için değerlendirilecekler.</p>



<figure class="wp-block-image size-large is-resized"><img decoding="async" width="105" height="28" src="https://meeteu.eu/wp-content/uploads/2024/04/Logo_Eurometropole_Strasbourg.svg" alt="" class="wp-image-11694" style="width:302px;height:auto"/><figcaption class="wp-element-caption"><em>Bu etkinlik Strasbourg Belediyesi'nin desteğiyle gerçekleştirilmiştir</em></figcaption></figure>



<p></p>
