{"id":12306,"date":"2025-05-23T22:49:17","date_gmt":"2025-05-23T20:49:17","guid":{"rendered":"https:\/\/meeteu.eu\/?post_type=event_listing&#038;p=12306"},"modified":"2025-06-30T14:18:03","modified_gmt":"2025-06-30T12:18:03","slug":"turkiye-and-the-european-union-2025-and-beyond","status":"expired","type":"event_listing","link":"https:\/\/meeteu.eu\/pl\/wydarzenie\/turkiye-and-the-european-union-2025-and-beyond\/","title":{"rendered":"Turcja i Unia Europejska: rok 2025 i kolejne lata"},"content":{"rendered":"<p>Poniewa\u017c dynamika globalna nadal ewoluuje, stosunki mi\u0119dzy Turcj\u0105 a Uni\u0105 Europejsk\u0105 wkraczaj\u0105 w nowy rozdzia\u0142. Jakie si\u0142y ukszta\u0142tuj\u0105 t\u0119 kolejn\u0105 faz\u0119? <br><br>Do\u0142\u0105cz do nas, aby wzi\u0105\u0107 udzia\u0142 w dyskusji na temat tera\u017aniejszo\u015bci i przysz\u0142o\u015bci stosunk\u00f3w mi\u0119dzy Turcj\u0105 a UE, badanych przez pryzmat polityczny, gospodarczy i spo\u0142eczny. Co\u015fkun Soysal z Uniwersytetu Gaziantep (GAUN) przedstawi cenne spostrze\u017cenia na temat tego wa\u017cnego partnerstwa.<\/p>","protected":false},"featured_media":12307,"template":"","meta":{"iawp_total_views":0},"event_listing_category":[],"event_listing_type":[],"class_list":["post-12306","event_listing","type-event_listing","status-expired","has-post-thumbnail","hentry"],"_links":{"self":[{"href":"https:\/\/meeteu.eu\/pl\/wp-json\/wp\/v2\/event_listing\/12306","targetHints":{"allow":["GET"]}}],"collection":[{"href":"https:\/\/meeteu.eu\/pl\/wp-json\/wp\/v2\/event_listing"}],"about":[{"href":"https:\/\/meeteu.eu\/pl\/wp-json\/wp\/v2\/types\/event_listing"}],"wp:featuredmedia":[{"embeddable":true,"href":"https:\/\/meeteu.eu\/pl\/wp-json\/wp\/v2\/media\/12307"}],"wp:attachment":[{"href":"https:\/\/meeteu.eu\/pl\/wp-json\/wp\/v2\/media?parent=12306"}],"wp:term":[{"taxonomy":"event_listing_category","embeddable":true,"href":"https:\/\/meeteu.eu\/pl\/wp-json\/wp\/v2\/event_listing_category?post=12306"},{"taxonomy":"event_listing_type","embeddable":true,"href":"https:\/\/meeteu.eu\/pl\/wp-json\/wp\/v2\/event_listing_type?post=12306"}],"curies":[{"name":"wp","href":"https:\/\/api.w.org\/{rel}","templated":true}]}}

<p>Ponieważ dynamika globalna nadal ewoluuje, stosunki między Turcją a Unią Europejską wkraczają w nowy rozdział. Jakie siły ukształtują tę kolejną fazę? <br><br>Dołącz do nas, aby wziąć udział w dyskusji na temat teraźniejszości i przyszłości stosunków między Turcją a UE, badanych przez pryzmat polityczny, gospodarczy i społeczny. Coşkun Soysal z Uniwersytetu Gaziantep (GAUN) przedstawi cenne spostrzeżenia na temat tego ważnego partnerstwa.</p>
