{"id":13546,"date":"2026-03-26T16:54:09","date_gmt":"2026-03-26T15:54:09","guid":{"rendered":"https:\/\/meeteu.eu\/?post_type=event_listing&#038;p=13546"},"modified":"2026-03-26T18:57:38","modified_gmt":"2026-03-26T17:57:38","slug":"publicly-run-social-media-a-solution-for-europe","status":"publish","type":"event_listing","link":"https:\/\/meeteu.eu\/it\/evento\/publicly-run-social-media-a-solution-for-europe\/","title":{"rendered":"Publicly Run Social Media &#8211; A Solution for Europe?"},"content":{"rendered":"<p>TikTok, Instagram and YouTube are not neutral public spaces. Designed to maximise attention and engagement, these platforms play a major role in shaping public opinion in Europe. They amplify misinformation, polarisation and hate speech, while also encouraging patterns of use that harm mental health. <\/p>\n\n\n\n<p>The EU has begun to respond through the Digital Services Act. Yet success up to now is limited. <\/p>\n\n\n\n<p>Could Europe build a public-service social media model, inspired by public broadcasting &#8211; social media that protect democratic debate, strengthen Europe&#8217;s digital sovereignty and offer a healthier online environment? <\/p>\n\n\n\n<p>This event will explore that question and introduce a European Citizens\u2019 Initiative calling for a European public-service social media infrastructure.<\/p>\n\n\n\n<p>With Luk\u00e1\u0161 Mikuleck\u00fd, Co-Leader of the European Citizens&#8217;s Initiative \u201cEuropean Public Social Network\u201d.<\/p>\n\n\n\n<p><strong>New! 1:1 Conversations!<\/strong><br>After our one-hour open discussion, we invite you to stay for another 30 minutes. You\u2019ll be paired up randomly and answer four questions together in a one-on-one conversation.<\/p>\n\n\n\n<p>The idea behind: meet new people from across Europe and exchange ideas in a more personal setting. The breakout rooms will stay open for as long as you like.<\/p>","protected":false},"featured_media":13547,"template":"","meta":{"iawp_total_views":0},"event_listing_category":[],"event_listing_type":[],"class_list":["post-13546","event_listing","type-event_listing","status-publish","has-post-thumbnail","hentry"],"_links":{"self":[{"href":"https:\/\/meeteu.eu\/it\/wp-json\/wp\/v2\/event_listing\/13546","targetHints":{"allow":["GET"]}}],"collection":[{"href":"https:\/\/meeteu.eu\/it\/wp-json\/wp\/v2\/event_listing"}],"about":[{"href":"https:\/\/meeteu.eu\/it\/wp-json\/wp\/v2\/types\/event_listing"}],"wp:featuredmedia":[{"embeddable":true,"href":"https:\/\/meeteu.eu\/it\/wp-json\/wp\/v2\/media\/13547"}],"wp:attachment":[{"href":"https:\/\/meeteu.eu\/it\/wp-json\/wp\/v2\/media?parent=13546"}],"wp:term":[{"taxonomy":"event_listing_category","embeddable":true,"href":"https:\/\/meeteu.eu\/it\/wp-json\/wp\/v2\/event_listing_category?post=13546"},{"taxonomy":"event_listing_type","embeddable":true,"href":"https:\/\/meeteu.eu\/it\/wp-json\/wp\/v2\/event_listing_type?post=13546"}],"curies":[{"name":"wp","href":"https:\/\/api.w.org\/{rel}","templated":true}]}}

<p>TikTok, Instagram and YouTube are not neutral public spaces. Designed to maximise attention and engagement, these platforms play a major role in shaping public opinion in Europe. They amplify misinformation, polarisation and hate speech, while also encouraging patterns of use that harm mental health. </p>



<p>The EU has begun to respond through the Digital Services Act. Yet success up to now is limited. </p>



<p>Could Europe build a public-service social media model, inspired by public broadcasting &#8211; social media that protect democratic debate, strengthen Europe&#8217;s digital sovereignty and offer a healthier online environment? </p>



<p>This event will explore that question and introduce a European Citizens’ Initiative calling for a European public-service social media infrastructure.</p>



<p>With Lukáš Mikulecký, Co-Leader of the European Citizens&#8217;s Initiative “European Public Social Network”.</p>



<p><strong>New! 1:1 Conversations!</strong><br>After our one-hour open discussion, we invite you to stay for another 30 minutes. You’ll be paired up randomly and answer four questions together in a one-on-one conversation.</p>



<p>The idea behind: meet new people from across Europe and exchange ideas in a more personal setting. The breakout rooms will stay open for as long as you like.</p>
