{"id":12067,"date":"2024-10-01T22:52:28","date_gmt":"2024-10-01T20:52:28","guid":{"rendered":"https:\/\/meeteu.eu\/?post_type=event_listing&#038;p=12067"},"modified":"2024-12-07T17:35:28","modified_gmt":"2024-12-07T16:35:28","slug":"how-to-stop-all-this-hate","status":"expired","type":"event_listing","link":"https:\/\/meeteu.eu\/it\/evento\/how-to-stop-all-this-hate\/","title":{"rendered":"Come fermare l'odio?"},"content":{"rendered":"<p>Che si tratti di commenti razzisti sui social media, di violenza di genere nello spazio pubblico o di estremismo politico: Questi sono solo alcuni esempi di odio nella societ\u00e0. Questo odio provoca esclusione e paura e rappresenta una minaccia per il nostro modo di vivere democratico. \u00c8 inaccettabile. Ecco perch\u00e9 dobbiamo agire ora. <\/p>\n\n\n\n<p>Nella nostra societ\u00e0 democratica, tutti devono poter esprimere liberamente la propria opinione senza temere la violenza verbale o fisica. Ecco perch\u00e9 dobbiamo agire ora. <\/p>\n\n\n\n<p>Insieme ad Arun Mansukhani, relatore di TED-Talk ed esperto di psicologia del trauma, e a Tommasso Chiamparino, esperto di politiche della Commissione europea, vogliamo sviluppare proposte concrete per affrontare questo odio crescente in Europa. <\/p>\n\n\n\n<p>Sottoporremo queste proposte alla Piattaforma di coinvolgimento dei cittadini della Commissione europea. Se raccoglieranno abbastanza consensi, saranno prese in considerazione per la creazione di nuove leggi per affrontare l'odio sociale.<\/p>\n\n\n\n<figure class=\"wp-block-image size-large is-resized\"><img decoding=\"async\" width=\"105\" height=\"28\" src=\"https:\/\/meeteu.eu\/wp-content\/uploads\/2024\/04\/Logo_Eurometropole_Strasbourg.svg\" alt=\"\" class=\"wp-image-11694\" style=\"width:302px;height:auto\"\/><figcaption class=\"wp-element-caption\"><em>Questo evento \u00e8 stato reso possibile grazie al sostegno della Citt\u00e0 di Strasburgo.<\/em><\/figcaption><\/figure>\n\n\n\n<p><\/p>","protected":false},"featured_media":12068,"template":"","meta":{"iawp_total_views":0},"event_listing_category":[],"event_listing_type":[],"class_list":["post-12067","event_listing","type-event_listing","status-expired","has-post-thumbnail","hentry"],"_links":{"self":[{"href":"https:\/\/meeteu.eu\/it\/wp-json\/wp\/v2\/event_listing\/12067","targetHints":{"allow":["GET"]}}],"collection":[{"href":"https:\/\/meeteu.eu\/it\/wp-json\/wp\/v2\/event_listing"}],"about":[{"href":"https:\/\/meeteu.eu\/it\/wp-json\/wp\/v2\/types\/event_listing"}],"wp:featuredmedia":[{"embeddable":true,"href":"https:\/\/meeteu.eu\/it\/wp-json\/wp\/v2\/media\/12068"}],"wp:attachment":[{"href":"https:\/\/meeteu.eu\/it\/wp-json\/wp\/v2\/media?parent=12067"}],"wp:term":[{"taxonomy":"event_listing_category","embeddable":true,"href":"https:\/\/meeteu.eu\/it\/wp-json\/wp\/v2\/event_listing_category?post=12067"},{"taxonomy":"event_listing_type","embeddable":true,"href":"https:\/\/meeteu.eu\/it\/wp-json\/wp\/v2\/event_listing_type?post=12067"}],"curies":[{"name":"wp","href":"https:\/\/api.w.org\/{rel}","templated":true}]}}

<p>Che si tratti di commenti razzisti sui social media, di violenza di genere nello spazio pubblico o di estremismo politico: Questi sono solo alcuni esempi di odio nella società. Questo odio provoca esclusione e paura e rappresenta una minaccia per il nostro modo di vivere democratico. È inaccettabile. Ecco perché dobbiamo agire ora. </p>



<p>Nella nostra società democratica, tutti devono poter esprimere liberamente la propria opinione senza temere la violenza verbale o fisica. Ecco perché dobbiamo agire ora. </p>



<p>Insieme ad Arun Mansukhani, relatore di TED-Talk ed esperto di psicologia del trauma, e a Tommasso Chiamparino, esperto di politiche della Commissione europea, vogliamo sviluppare proposte concrete per affrontare questo odio crescente in Europa. </p>



<p>Sottoporremo queste proposte alla Piattaforma di coinvolgimento dei cittadini della Commissione europea. Se raccoglieranno abbastanza consensi, saranno prese in considerazione per la creazione di nuove leggi per affrontare l'odio sociale.</p>



<figure class="wp-block-image size-large is-resized"><img decoding="async" width="105" height="28" src="https://meeteu.eu/wp-content/uploads/2024/04/Logo_Eurometropole_Strasbourg.svg" alt="" class="wp-image-11694" style="width:302px;height:auto"/><figcaption class="wp-element-caption"><em>Questo evento è stato reso possibile grazie al sostegno della Città di Strasburgo.</em></figcaption></figure>



<p></p>
